{"id":199,"date":"2019-07-03T01:18:44","date_gmt":"2019-07-02T23:18:44","guid":{"rendered":"http:\/\/www.pousseensemble.org\/?page_id=199"},"modified":"2024-09-08T16:41:49","modified_gmt":"2024-09-08T14:41:49","slug":"vos-questions","status":"publish","type":"page","link":"https:\/\/www.pousseensemble.org\/?page_id=199","title":{"rendered":"Vos questions"},"content":{"rendered":"\n<p><strong>Qui peut devenir adh\u00e9rent au jardin ?<\/strong><\/p>\n\n\n\n<p>Tout le monde, sans distinction. Il suffit de payer sa cotisation (10 euros). Il est ensuite vivement encourag\u00e9 de venir&#8230; jardiner !<\/p>\n\n\n\n<p>Le jardin est ouvert aux visites de toutes et tous, les jours de permanence &#8211; sans besoin d&rsquo;adh\u00e9sion. Si vous voyez les grilles ouvertes, n&rsquo;h\u00e9sitez pas \u00e0 rentrer !<\/p>\n\n\n\n<hr class=\"wp-block-separator\"\/>\n\n\n\n<p><strong>Puis-je venir d\u00e9poser mon compost sans adh\u00e9rer \u00e0 l&rsquo;association ?<\/strong><\/p>\n\n\n\n<p>Il est n\u00e9cessaire d&rsquo;\u00eatre adh\u00e9rent \u00e0 Pousse Ensemble ! pour venir d\u00e9poser son compost.  Toutefois, si c&rsquo;est l&rsquo;unique raison qui vous pousse \u00e0 adh\u00e9rer, merci de privil\u00e9gier les composteurs de la ville. En tant qu\u2019adh\u00e9rent il est plut\u00f4t recommand\u00e9 de participer activement aux travaux du jardin.  <\/p>\n\n\n\n<p class=\"has-small-font-size\"><a href=\"http:\/\/www.pousseensemble.org\/?page_id=228\">Comment composter mes d\u00e9chets au jardin<\/a><\/p>\n\n\n\n<hr class=\"wp-block-separator\"\/>\n\n\n\n<p><strong>Les enfants sont-ils les bienvenus au jardin ?<\/strong><\/p>\n\n\n\n<figure class=\"wp-block-image\"><img loading=\"lazy\" width=\"1024\" height=\"683\" src=\"http:\/\/www.pousseensemble.org\/wp-content\/uploads\/2019\/07\/pousse-ensemble_association-1024x683.jpg\" alt=\"\" class=\"wp-image-200\" srcset=\"https:\/\/www.pousseensemble.org\/wp-content\/uploads\/2019\/07\/pousse-ensemble_association-1024x683.jpg 1024w, https:\/\/www.pousseensemble.org\/wp-content\/uploads\/2019\/07\/pousse-ensemble_association-300x200.jpg 300w, https:\/\/www.pousseensemble.org\/wp-content\/uploads\/2019\/07\/pousse-ensemble_association-768x512.jpg 768w, https:\/\/www.pousseensemble.org\/wp-content\/uploads\/2019\/07\/pousse-ensemble_association-1200x800.jpg 1200w, https:\/\/www.pousseensemble.org\/wp-content\/uploads\/2019\/07\/pousse-ensemble_association.jpg 2048w\" sizes=\"(max-width: 709px) 85vw, (max-width: 909px) 67vw, (max-width: 1362px) 62vw, 840px\" \/><\/figure>\n\n\n\n<p>Oui, les enfants sont les bienvenus. Le jardin a une vis\u00e9e p\u00e9dagogique, les tout-petits sont incit\u00e9s \u00e0 explorer le lieu et \u00e0 enfiler les gants de jardinage si ils le souhaitent ! N\u00e9anmoins nous rappelons que chaque enfant reste sous la responsabilit\u00e9 et la surveillance de ses parents. Les adultes s&rsquo;engagent \u00e0 faire preuve de p\u00e9dagogie pour faire comprendre les r\u00e8gles de s\u00e9curit\u00e9 et le respect des plantations aux plus petits.<\/p>\n\n\n\n<hr class=\"wp-block-separator\"\/>\n\n\n\n<p><strong>Les animaux de compagnie sont-ils admis au jardin ?<\/strong><\/p>\n\n\n\n<p>Malheureusement, pour des raisons de s\u00e9curit\u00e9 et d&rsquo;hygi\u00e8ne, les animaux de compagnie ne sont pas admis au jardin.<\/p>\n\n\n\n<hr class=\"wp-block-separator\"\/>\n\n\n\n<p><strong>Je souhaite donner des plantes\/graines\/outils \u00e0 l&rsquo;association, comment faire ?<\/strong><\/p>\n\n\n\n<p>Si vous souhaitez faire un don, merci de nous contacter \u00e0 contact@pousseensemble.org. Si vous avez des petites plantes d&rsquo;ext\u00e9rieur \u00e0 donner, vous pouvez venir les d\u00e9poser pendant les heures d&rsquo;ouverture, nous leur trouverons toujours une petite place dans le jardin.<\/p>\n\n\n\n<p>Pour le mobilier et autres objets volumineux, leur acceptation devra passer par le bureau de l&rsquo;association (afin d&rsquo;\u00e9viter l&rsquo;entrep\u00f4t d&rsquo;objets trop importants sur le jardin). <\/p>\n\n\n\n<p>Les jouets d&rsquo;enfants en plastique (m\u00eame pour leur donner une deuxi\u00e8me vie) ne sont pas accept\u00e9s. Merci !<\/p>\n\n\n\n<hr class=\"wp-block-separator\"\/>\n\n\n\n<p><strong>Comment adh\u00e9rer \u00e0 Pousse Ensemble ! ?<\/strong><\/p>\n\n\n\n<p>Rendez-vous sur cette page : <a href=\"http:\/\/www.pousseensemble.org\/?page_id=37\">Adh\u00e9rer au jardin<\/a> ou directement sur place. M\u00eame pour une inscription en ligne, il est vivement encourag\u00e9 de venir rencontrer les jardiniers avant et de se renseigner sur le fonctionnement du jardin.  Les permanences ont souvent lieu les dimanche de 14h \u00e0 16h selon les conditions m\u00e9t\u00e9o.  <\/p>\n","protected":false},"excerpt":{"rendered":"<p>Qui peut devenir adh\u00e9rent au jardin ? Tout le monde, sans distinction. Il suffit de payer sa cotisation (10 euros). Il est ensuite vivement encourag\u00e9 de venir&#8230; jardiner ! Le jardin est ouvert aux visites de toutes et tous, les jours de permanence &#8211; sans besoin d&rsquo;adh\u00e9sion. Si vous voyez les grilles ouvertes, n&rsquo;h\u00e9sitez pas &hellip; <a href=\"https:\/\/www.pousseensemble.org\/?page_id=199\" class=\"more-link\">Continuer la lecture<span class=\"screen-reader-text\"> de &laquo;&nbsp;Vos questions&nbsp;&raquo;<\/span><\/a><\/p>\n","protected":false},"author":1,"featured_media":0,"parent":0,"menu_order":0,"comment_status":"closed","ping_status":"closed","template":"","meta":[],"_links":{"self":[{"href":"https:\/\/www.pousseensemble.org\/index.php?rest_route=\/wp\/v2\/pages\/199"}],"collection":[{"href":"https:\/\/www.pousseensemble.org\/index.php?rest_route=\/wp\/v2\/pages"}],"about":[{"href":"https:\/\/www.pousseensemble.org\/index.php?rest_route=\/wp\/v2\/types\/page"}],"author":[{"embeddable":true,"href":"https:\/\/www.pousseensemble.org\/index.php?rest_route=\/wp\/v2\/users\/1"}],"replies":[{"embeddable":true,"href":"https:\/\/www.pousseensemble.org\/index.php?rest_route=%2Fwp%2Fv2%2Fcomments&post=199"}],"version-history":[{"count":11,"href":"https:\/\/www.pousseensemble.org\/index.php?rest_route=\/wp\/v2\/pages\/199\/revisions"}],"predecessor-version":[{"id":534,"href":"https:\/\/www.pousseensemble.org\/index.php?rest_route=\/wp\/v2\/pages\/199\/revisions\/534"}],"wp:attachment":[{"href":"https:\/\/www.pousseensemble.org\/index.php?rest_route=%2Fwp%2Fv2%2Fmedia&parent=199"}],"curies":[{"name":"wp","href":"https:\/\/api.w.org\/{rel}","templated":true}]}}

<p><strong>Qui peut devenir adhérent au jardin ?</strong></p>



<p>Tout le monde, sans distinction. Il suffit de payer sa cotisation (10 euros). Il est ensuite vivement encouragé de venir&#8230; jardiner !</p>



<p>Le jardin est ouvert aux visites de toutes et tous, les jours de permanence &#8211; sans besoin d&rsquo;adhésion. Si vous voyez les grilles ouvertes, n&rsquo;hésitez pas à rentrer !</p>



<hr class="wp-block-separator"/>



<p><strong>Puis-je venir déposer mon compost sans adhérer à l&rsquo;association ?</strong></p>



<p>Il est nécessaire d&rsquo;être adhérent à Pousse Ensemble ! pour venir déposer son compost.  Toutefois, si c&rsquo;est l&rsquo;unique raison qui vous pousse à adhérer, merci de privilégier les composteurs de la ville. En tant qu’adhérent il est plutôt recommandé de participer activement aux travaux du jardin.  </p>



<p class="has-small-font-size"><a href="http://www.pousseensemble.org/?page_id=228">Comment composter mes déchets au jardin</a></p>



<hr class="wp-block-separator"/>



<p><strong>Les enfants sont-ils les bienvenus au jardin ?</strong></p>



<figure class="wp-block-image"><img loading="lazy" width="1024" height="683" src="http://www.pousseensemble.org/wp-content/uploads/2019/07/pousse-ensemble_association-1024x683.jpg" alt="" class="wp-image-200" srcset="https://www.pousseensemble.org/wp-content/uploads/2019/07/pousse-ensemble_association-1024x683.jpg 1024w, https://www.pousseensemble.org/wp-content/uploads/2019/07/pousse-ensemble_association-300x200.jpg 300w, https://www.pousseensemble.org/wp-content/uploads/2019/07/pousse-ensemble_association-768x512.jpg 768w, https://www.pousseensemble.org/wp-content/uploads/2019/07/pousse-ensemble_association-1200x800.jpg 1200w, https://www.pousseensemble.org/wp-content/uploads/2019/07/pousse-ensemble_association.jpg 2048w" sizes="(max-width: 709px) 85vw, (max-width: 909px) 67vw, (max-width: 1362px) 62vw, 840px" /></figure>



<p>Oui, les enfants sont les bienvenus. Le jardin a une visée pédagogique, les tout-petits sont incités à explorer le lieu et à enfiler les gants de jardinage si ils le souhaitent ! Néanmoins nous rappelons que chaque enfant reste sous la responsabilité et la surveillance de ses parents. Les adultes s&rsquo;engagent à faire preuve de pédagogie pour faire comprendre les règles de sécurité et le respect des plantations aux plus petits.</p>



<hr class="wp-block-separator"/>



<p><strong>Les animaux de compagnie sont-ils admis au jardin ?</strong></p>



<p>Malheureusement, pour des raisons de sécurité et d&rsquo;hygiène, les animaux de compagnie ne sont pas admis au jardin.</p>



<hr class="wp-block-separator"/>



<p><strong>Je souhaite donner des plantes/graines/outils à l&rsquo;association, comment faire ?</strong></p>



<p>Si vous souhaitez faire un don, merci de nous contacter à contact@pousseensemble.org. Si vous avez des petites plantes d&rsquo;extérieur à donner, vous pouvez venir les déposer pendant les heures d&rsquo;ouverture, nous leur trouverons toujours une petite place dans le jardin.</p>



<p>Pour le mobilier et autres objets volumineux, leur acceptation devra passer par le bureau de l&rsquo;association (afin d&rsquo;éviter l&rsquo;entrepôt d&rsquo;objets trop importants sur le jardin). </p>



<p>Les jouets d&rsquo;enfants en plastique (même pour leur donner une deuxième vie) ne sont pas acceptés. Merci !</p>



<hr class="wp-block-separator"/>



<p><strong>Comment adhérer à Pousse Ensemble ! ?</strong></p>



<p>Rendez-vous sur cette page : <a href="http://www.pousseensemble.org/?page_id=37">Adhérer au jardin</a> ou directement sur place. Même pour une inscription en ligne, il est vivement encouragé de venir rencontrer les jardiniers avant et de se renseigner sur le fonctionnement du jardin.  Les permanences ont souvent lieu les dimanche de 14h à 16h selon les conditions météo.  </p>

<p>Qui peut devenir adhérent au jardin ? Tout le monde, sans distinction. Il suffit de payer sa cotisation (10 euros). Il est ensuite vivement encouragé de venir&#8230; jardiner ! Le jardin est ouvert aux visites de toutes et tous, les jours de permanence &#8211; sans besoin d&rsquo;adhésion. Si vous voyez les grilles ouvertes, n&rsquo;hésitez pas &hellip; <a href="https://www.pousseensemble.org/?page_id=199" class="more-link">Continuer la lecture<span class="screen-reader-text"> de &laquo;&nbsp;Vos questions&nbsp;&raquo;</span></a></p>
