{"id":547,"date":"2025-05-13T15:33:52","date_gmt":"2025-05-13T13:33:52","guid":{"rendered":"http:\/\/www.pousseensemble.org\/?page_id=547"},"modified":"2025-08-13T13:05:36","modified_gmt":"2025-08-13T11:05:36","slug":"actualites-2024-2025","status":"publish","type":"page","link":"https:\/\/www.pousseensemble.org\/?page_id=547","title":{"rendered":"Actualit\u00e9s"},"content":{"rendered":"\n<p class=\"has-large-font-size\"><\/p>\n\n\n\n<p>** <span class=\"has-inline-color has-bright-blue-color\"><strong>9<sup>e<\/sup>&nbsp;\u00e9dition des&nbsp;Jardins ouverts<\/strong> <\/span>organis\u00e9e par la R\u00e9gion \u00cele-de-France<strong> du 5<\/strong>&nbsp;<strong>juillet&nbsp;au 31 ao\u00fbt 2025.<\/strong> <\/p>\n\n\n\n<p>https:\/\/www.iledefrance.fr\/toutes-les-actualites\/jardins-ouverts-2025-la-culture-sinvite-tout-lete-dans-les-jardins-dile-de-france<\/p>\n\n\n\n<p><\/p>\n\n\n\n<p><\/p>\n","protected":false},"excerpt":{"rendered":"<p>** 9e&nbsp;\u00e9dition des&nbsp;Jardins ouverts organis\u00e9e par la R\u00e9gion \u00cele-de-France du 5&nbsp;juillet&nbsp;au 31 ao\u00fbt 2025. https:\/\/www.iledefrance.fr\/toutes-les-actualites\/jardins-ouverts-2025-la-culture-sinvite-tout-lete-dans-les-jardins-dile-de-france<\/p>\n","protected":false},"author":1,"featured_media":0,"parent":0,"menu_order":0,"comment_status":"closed","ping_status":"closed","template":"","meta":[],"_links":{"self":[{"href":"https:\/\/www.pousseensemble.org\/index.php?rest_route=\/wp\/v2\/pages\/547"}],"collection":[{"href":"https:\/\/www.pousseensemble.org\/index.php?rest_route=\/wp\/v2\/pages"}],"about":[{"href":"https:\/\/www.pousseensemble.org\/index.php?rest_route=\/wp\/v2\/types\/page"}],"author":[{"embeddable":true,"href":"https:\/\/www.pousseensemble.org\/index.php?rest_route=\/wp\/v2\/users\/1"}],"replies":[{"embeddable":true,"href":"https:\/\/www.pousseensemble.org\/index.php?rest_route=%2Fwp%2Fv2%2Fcomments&post=547"}],"version-history":[{"count":5,"href":"https:\/\/www.pousseensemble.org\/index.php?rest_route=\/wp\/v2\/pages\/547\/revisions"}],"predecessor-version":[{"id":561,"href":"https:\/\/www.pousseensemble.org\/index.php?rest_route=\/wp\/v2\/pages\/547\/revisions\/561"}],"wp:attachment":[{"href":"https:\/\/www.pousseensemble.org\/index.php?rest_route=%2Fwp%2Fv2%2Fmedia&parent=547"}],"curies":[{"name":"wp","href":"https:\/\/api.w.org\/{rel}","templated":true}]}}

Actualités

<p class="has-large-font-size"></p>



<p>** <span class="has-inline-color has-bright-blue-color"><strong>9<sup>e</sup>&nbsp;édition des&nbsp;Jardins ouverts</strong> </span>organisée par la Région Île-de-France<strong> du 5</strong>&nbsp;<strong>juillet&nbsp;au 31 août 2025.</strong> </p>



<p>https://www.iledefrance.fr/toutes-les-actualites/jardins-ouverts-2025-la-culture-sinvite-tout-lete-dans-les-jardins-dile-de-france</p>



<p></p>



<p></p>

<p>** 9e&nbsp;édition des&nbsp;Jardins ouverts organisée par la Région Île-de-France du 5&nbsp;juillet&nbsp;au 31 août 2025. https://www.iledefrance.fr/toutes-les-actualites/jardins-ouverts-2025-la-culture-sinvite-tout-lete-dans-les-jardins-dile-de-france</p>
